number?
False
Is 903239 a composite number?
True
Is 125737 a composite number?
False
Is 35813 a composite number?
True
Is 1977341 prime?
False
Is 117701 a prime number?
True
Is 62747 composite?
True
Is 162601 prime?
True
Is 41711 prime?
False
Is 7937 prime?
True
Is 1152149 a composite number?
False
Is 24197 a prime number?
True
Is 55889 a composite number?
False
Is 16183 a prime number?
True
Is 973 a prime number?
False
Is 31163 prime?
False
Is 7621 prime?
True
Is 3671 prime?
True
Is 60805 prime?
False
Is 32245 a prime number?
False
Is 15653 a composite number?
True
Is 538349 a composite number?
True
Is 20266 a composite number?
True
Is 358441 a composite number?
False
Is 424811 composite?
False
Is 24569 a prime number?
False
Is 276559 composite?
True
Is 330685 a prime number?
False
Is 7639 composite?
False
Is 1342799 prime?
True
Is 177677 prime?
True
Is 1099 composite?
True
Is 323197 a prime number?
False
Is 41803 composite?
True
Is 2219 composite?
True
Is 16277 prime?
False
Is 225039 a composite number?
True
Is 164153 a prime number?
False
Is 13567 composite?
False
Is 8926 composite?
True
Is 7981 prime?
False
Is 1049 prime?
True
Is 538199 composite?
False
Is 56417 a composite number?
False
Is 3214 a composite number?
True
Is 213119 a prime number?
True
Is 152003 composite?
False
Is 24155 prime?
False
Is 27527 prime?
True
Is 2207 prime?
True
Is 27893 composite?
False
Is 15959 a composite number?
False
Is 17441 a prime number?
False
Is 86839 a composite number?
True
Is 216679 a prime number?
True
Is 5981 prime?
True
Is 9671 composite?
True
Is 384409 a prime number?
False
Is 3882227 composite?
False
Is 212281 prime?
True
Is 25819 prime?
True
Is 68473 composite?
False
Is 82279 prime?
True
Is 74677 composite?
True
Is 79313 prime?
False
Is 19699 a prime number?
True
Is 2999 composite?
False
Is 24499 composite?
False
Is 87861 a composite number?
True
Is 4820327 a composite number?
False
Is 1549927 composite?
True
Is 810959 prime?
False
Is 21247 composite?
False
Is 176794 a composite number?
True
Is 3589 composite?
True
Is 24127 prime?
False
Is 48017 composite?
False
Is 55603 composite?
False
Is 2980903 a composite number?
False
Is 8489 composite?
True
Is 62177 prime?
False
Is 19777 a prime number?
True
Is 1121 a prime number?
False
Is 107885 a prime number?
False
Is 142097 composite?
False
Is 24607 a composite number?
True
Is 28949 composite?
False
Is 586 a composite number?
True
Is 546929 a prime number?
False
Is 893 composite?
True
Is 158161 composite?
False
Is 141301 prime?
True
Is 118493 a composite number?
False
Is 6103 prime?
False
Is 871589 a composite number?
False
Is 148531 composite?
False
Is 257253 prime?
False
Is 96581 a prime number?
True
Is 6457 a composite number?
True
Is 3342479 a prime number?
False
Is 15547 composite?
True
Is 512689 composite?
True
Is 309763 a prime number?
False
Is 54959 composite?
False
Is 11797 composite?
True
Is 14503 composite?
False
Is 24031 a composite number?
True
Is 54251 composite?
False
Is 34787 composite?
True
Is 21077 composite?
True
Is 68687 a prime number?
True
Is 247627 a composite number?
True
Is 4145 a composite number?
True
Is 2705 a composite number?
True
Is 115229 composite?
True
Is 253309 composite?
True
Is 286333 a prime number?
True
Is 9651 a prime number?
False
Is 111011 a prime number?
False
Is 8663 a prime number?
True
Is 24326 prime?
False
Is 17657 a composite number?
False
Is 12047 a prime number?
False
Is 7741 a composite number?
False
Is 20603 a composite number?
True
Is 11677 prime?
True
Is 16493 a prime number?
True
Is 7901 a composite number?
False
Is 1009 prime?
True
Is 3761 prime?
True
Is 1893 prime?
False
Is 2271551 composite?
False
Is 9643 a composite number?
False
Is 919 a composite number?
False
Is 35403 composite?
True
Is 595331 composite?
True
Is 1003 a prime number?
False
Is 17767 a prime number?
False
Is 3589 composite?
True
Is 36447 composite?
True
Is 33791 a composite number?
False
Is 1468787 a prime number?
False
Is 137533 a composite number?
True
Is 1481 composite?
False
Is 79531 composite?
False
Is 90677 composite?
False
Is 7039 a composite number?
False
Is 840179 prime?
True
Is 50033 composite?
False
Is 5313131 a prime number?
True
Is 348077 prime?
True
Is 575987 composite?
False
Is 14197 a composite number?
False
Is 50723 a prime number?
True
Is 108538 composite?
True
Is 7121 a composite number?
False
Is 810517 prime?
True
Is 27361 prime?
True
Is 797765 prime?
False
Is 182809 prime?
False
Is 16619 a composite number?
False
Is 2340357 prime?
False
Is 12227 a composite number?
False
Is 3935 prime?
False
Is 724991 composite?
False
Is 2761 prime?
False
Is 263561 composite?
False
Is 2927 prime?
True
Is 19031 composite?
False
Is 9803 composite?
False
Is 32771 prime?
True
Is 717841 prime?
True
Is 39817 a composite number?
True
Is 17519 a composite number?
False
Is 15679 a prime number?
True
Is 433361 prime?
True
Is 68947 a composite number?
False
Is 967 a prime number?
True
Is 666239 a prime number?
False
Is 359981 prime?
True
Is 46021 a composite number?
False
Is 132817 a composite number?
False
Is 25537 composite?
False
Is 91757 prime?
True
Is 33683 a composite number?
True
Is 6689 a prime number?
True
Is 8743 a composite number?
True
Is 92915 a prime number?
False
Is 87337 a composite number?
False
Is 7217 prime?
False
Is 10007 prime?
True
Is 99317 a composite number?
False
Is 43331 a prime number?
True
Is 45361 a prime number?
True
Is 74621 composite?
True
Is 40613 composite?
True
Is 296467 a prime number?
False
Is 211483 prime?
False
Is 25013 prime?
True
Is 3831 a composite number?
True
Is 1373 composite?
False
Is 5249 a prime number?
False
Is 39873 prime?
False
Is 43223 prime?
True
Is 10211 a composite number?
False
Is 31379 a composite number?
False
Is 84499 composite?
False
Is 79 composite?
False
Is 588017 a composite number?
True
Is 34453 prime?
False
Is 422078 composite?
True
Is 5971 a prime number?
False
Is 12295 a composite number?
True
Is 120665 a prime number?
False
Is 8143 composite?
True
Is 169691 prime?
True
Is 16957 prime?
False
Is 14143 composite?
False
Is 58391 prime?
True
Is 3181 composite?
False
Is 15891 composite?
True
Is 2107357 a composite number?
True
Is 163307 a prime number?
True
Is 6371 composite?
True
Is 74597 a prime number?
True
Is 6603511 a prime number?
True
Is 678151 prime?
False
Is 252379 a composite number?
True
Is 101419 a composite number?
False
Is 55289 a composite number?
True
Is 66307 composite?
True
Is 206501 prime?
True
Is 127527 prime?
False
Is 23369 a prime number?
True
Is 170537 a prime number?
True
Is 27598 composite?
True
Is 42157 prime?
True
Is 397469 composite?
False
Is 26539 a prime number?
True
Is 15681 a prime number?
False
Is 134167 composite?
True
Is 465407 composite?
False
Is 35 a prime number?
False
Is 39499 a prime number?
True
Is 250673 prime?
True
Is 1174937 composite?
True
Is 1793 a composite number?
True
Is 256423 composite?
False
Is 1782939 a composite number?
True
Is 58169 prime?
True
Is 692581 composite?
False
Is 96697 prime?
True
Is 6319 a prime number?
False
Is 10529 a prime number?
True
Is 1411 a prime number?
False
Is 31271 a composite number?
False
Is 5137 a prime number?
False
Is 65239 a prime number?
True
Is 112543 prime?
True
Is 355499 a prime number?
True
Is 2099 a composite number?
False
Is 114791 a composite number?
True
Is 41461 composite?
True
Is 33737 a composite number?
True
Is 81033 composite?
True
Is 189223 a prime number?
True
Is 566071 prime?
False
Is 131201 a prime number?
False
Is 1379 a prime number?
False
Is 9277 prime?
True
Is 6865 composite?
True
Is 64147 a composite number?
True
Is 200191 composite?
False
Is 157349 composite?
False
Is 14891 a composite number?
False
Is 33893 a prime number?
True
Is 485959 composite?
False
Is 498089 a composite number?
False
Is 30242 a prime number?
False
Is 409826 composite?
True
Is 1254293 a composite number?
False
Is 12689 a prime number?
True
Is 1120943 a composite number?
True
Is 10481 a prime number?
False
Is 2611 a composite number?
True
Is 181519 composite?
True
Is 25523 composite?
False
Is 16663 a prime number?
False
Is 1540135 composite?
True
Is 15511 a composite number?
False
Is 745727 prime?
True
Is 2503 prime?
True
Is 14453 a prim